git of 2595003388?
2
What is the millions digit of 1298972901?
8
What is the hundred thousands digit of 7890436?
8
What is the hundreds digit of 2882419812?
8
What is the hundred thousands digit of 46435320?
4
What is the ten millions digit of 1698959130?
9
What is the hundreds digit of 2437507635?
6
What is the hundred millions digit of 301980618?
3
What is the units digit of 675624785?
5
What is the millions digit of 94137985?
4
What is the thousands digit of 67559374?
9
What is the hundred millions digit of 1840376853?
8
What is the thousands digit of 1212693928?
3
What is the units digit of 109643119?
9
What is the thousands digit of 117910412?
0
What is the hundreds digit of 189961427?
4
What is the hundred thousands digit of 12665728?
6
What is the hundred thousands digit of 4158366?
1
What is the hundreds digit of 125195061?
0
What is the hundred millions digit of 324773389?
3
What is the tens digit of 797232071?
7
What is the hundred thousands digit of 1340774204?
7
What is the ten thousands digit of 2148774?
4
What is the units digit of 216583973?
3
What is the hundreds digit of 46692282?
2
What is the hundreds digit of 118600791?
7
What is the billions digit of 1318084543?
1
What is the ten thousands digit of 21198628?
9
What is the hundred thousands digit of 1499621233?
6
What is the thousands digit of 126437991?
7
What is the hundred millions digit of 109832407?
1
What is the millions digit of 1681295521?
1
What is the hundred thousands digit of 66613826?
6
What is the ten thousands digit of 95595598?
9
What is the thousands digit of 25971880?
1
What is the millions digit of 105732690?
5
What is the hundreds digit of 566221843?
8
What is the hundreds digit of 278178038?
0
What is the units digit of 141593562?
2
What is the hundreds digit of 550144247?
2
What is the hundred millions digit of 153741622?
1
What is the ten thousands digit of 1087110701?
1
What is the thousands digit of 975758986?
8
What is the hundreds digit of 105974?
9
What is the hundreds digit of 92550876?
8
What is the millions digit of 1733193753?
3
What is the tens digit of 309981967?
6
What is the tens digit of 111157159?
5
What is the hundred millions digit of 929713116?
9
What is the hundred thousands digit of 111748345?
7
What is the tens digit of 7982387343?
4
What is the millions digit of 6020709913?
0
What is the hundred thousands digit of 52911390?
9
What is the ten millions digit of 7310585174?
1
What is the tens digit of 37236550?
5
What is the billions digit of 2034960709?
2
What is the tens digit of 515211312?
1
What is the tens digit of 1682076726?
2
What is the hundred millions digit of 1773367256?
7
What is the hundreds digit of 1602656?
6
What is the thousands digit of 1656046906?
6
What is the hundred thousands digit of 185678135?
6
What is the hundred thousands digit of 359394218?
3
What is the millions digit of 62062948?
2
What is the ten millions digit of 7397856984?
9
What is the hundreds digit of 264238862?
8
What is the thousands digit of 961559426?
9
What is the ten millions digit of 2507860420?
0
What is the ten millions digit of 258938473?
5
What is the ten millions digit of 1172821961?
7
What is the thousands digit of 1728707083?
7
What is the hundred millions digit of 983144615?
9
What is the units digit of 88971196?
6
What is the units digit of 1820795154?
4
What is the hundred millions digit of 251086695?
2
What is the hundreds digit of 33494691?
6
What is the units digit of 785605909?
9
What is the units digit of 241863285?
5
What is the units digit of 6537091627?
7
What is the ten thousands digit of 3247780605?
8
What is the ten thousands digit of 21836347?
3
What is the units digit of 199176228?
8
What is the hundred millions digit of 586803500?
5
What is the ten millions digit of 143415476?
4
What is the hundreds digit of 15174409?
4
What is the hundreds digit of 781314996?
9
What is the hundred millions digit of 1316686770?
3
What is the thousands digit of 37737843?
7
What is the ten millions digit of 308831888?
0
What is the hundred millions digit of 1720357767?
7
What is the thousands digit of 235845275?
5
What is the hundred millions digit of 1050600142?
0
What is the tens digit of 7567480430?
3
What is the tens digit of 3160248?
4
What is the units digit of 1938672779?
9
What is the hundred thousands digit of 58964349?
9
What is the hundred thousands digit of 453357453?
3
What is the thousands digit of 46112312?
2
What is the thousands digit of 68834349?
4
What is the hundred thousands digit of 3546428973?
4
What is the ten millions digit of 1690500929?
9
What is the millions digit of 14593016?
4
What is the hundreds digit of 5603463601?
6
What is the ten millions digit of 380414678?
8
What is the hundred millions digit of 5963460776?
9
What is the thousands digit of 617529173?
9
What is the millions digit of 2905468197?
5
What is the thousands digit of 4102471424?
1
What is the thousands digit of 1855398?
5
What is the billions digit of 8558043998?
8
What is the ten millions digit of 48674846?
4
What is the ten thousands digit of 1345947583?
4
What is the hundred millions digit of 525303766?
5
What is the hundred thousands digit of 640467632?
4
What is the units digit of 401636851?
1
What is the hundreds digit of 128126332?
3
What is the hundreds digit of 2809093662?
6
What is the units digit of 4443424739?
9
What is the tens digit of 16794221?
2
What is the ten millions digit of 54023844?
5
What is the hundreds digit of 8174147444?
4
What is the thousands digit of 280616872?
6
What is the tens digit of 51281783?
8
What is the thousands digit of 1830957297?
7
What is the millions digit of 110426469?
0
What is the thousands digit of 855324132?
4
What is the ten millions digit of 2703741619?
0
What is the hundreds digit of 4604817?
8
What is the hundreds digit of 2713617165?
1
What is the thousands digit of 1474461614?
1
What is the hundreds digit of 27610827?
8
What is the tens digit of 62897805?
0
What is the tens digit of 477177707?
0
What is the hundred millions digit of 169073241?
1
What is the hundred millions digit of 290759891?
2
What is the hundreds digit of 4244401692?
6
What is the ten thousands digit of 51875633?
7
What is the units digit of 2560574773?
3
What is the tens digit of 35151510?
1
What is the hundred thousands digit of 28506616?
5
What is the tens digit of 736953785?
8
What is the tens digit of 14987540?
4
What is the hundred thousands digit of 754274210?
2
What is the thousands digit of 6176588?
6
What is the ten thousands digit of 288489114?
8
What is the ten millions digit of 404602794?
0
What is the tens digit of 4065515?
1
What is the units digit of 299253590?
0
What is the millions digit of 1133945837?
3
What is the ten thousands digit of 268566428?
6
What is the hundreds digit of 299108453?
4
What is the hundred millions digit of 113413478?
1
What is the tens digit of 1189741860?
6
What is the hundreds digit of 331389962?
9
What is the thousands digit of 22905736?
5
What is the hundreds digit of 4485530949?
9
What is the hundred millions digit of 377259899?
3
What is the hundred millions digit of 328285533?
3
What is the ten millions digit of 180967279?
8
What is the hundreds digit of 77932761?
7
What is the thousands digit of 227106474?
6
What is the hundreds digit of 336081365?
3
What is the hundred thousands digit of 4910520191?
5
What is the ten millions digit of 966134049?
6
What is the units digit of 5591715?
5
What is the hundreds digit of 259415684?
6
What is the millions digit of 36260469?
6
What is the hundred millions digit of 134951807?
1
What is the ten thousands digit of 543614997?
1
What is the hundreds digit of 21716507?
5
What is the hundred thousands digit of 77755447?
7
What is the ten thousands digit of 2415412950?
1
What is the ten millions digit of 3449524131?
4
What is the millions digit of 5524985260?
4
What is the hundred millions digit of 120086969?
1
What is the hundred thousands digit of 390873957?
8
What is the thousands digit of 69470288?
0
What is the hundred thousands digit of 557534733?
5
What is the hundred thousands digit of 64567386?
5
What is the ten thousands digit of 9869968?
6
What is the millions digit of 1479577175?
9
What is the millions digit of 